{"id":9,"date":"2022-01-25T09:51:05","date_gmt":"2022-01-25T08:51:05","guid":{"rendered":"http:\/\/www.n-k-b.de\/wordpress\/?page_id=9"},"modified":"2025-01-08T14:45:19","modified_gmt":"2025-01-08T13:45:19","slug":"impressum","status":"publish","type":"page","link":"https:\/\/www.n-k-b.de\/wordpress\/impressum\/","title":{"rendered":"Impressum"},"content":{"rendered":"\t\t<div data-elementor-type=\"wp-page\" data-elementor-id=\"9\" class=\"elementor elementor-9\" data-elementor-post-type=\"page\">\n\t\t\t\t\t\t<section class=\"elementor-section elementor-top-section elementor-element elementor-element-c4935f2 elementor-section-boxed elementor-section-height-default elementor-section-height-default\" data-id=\"c4935f2\" data-element_type=\"section\" data-e-type=\"section\">\n\t\t\t\t\t\t<div class=\"elementor-container elementor-column-gap-default\">\n\t\t\t\t\t<div class=\"elementor-column elementor-col-100 elementor-top-column elementor-element elementor-element-a4b95de\" data-id=\"a4b95de\" data-element_type=\"column\" data-e-type=\"column\">\n\t\t\t<div class=\"elementor-widget-wrap elementor-element-populated\">\n\t\t\t\t\t\t<div class=\"elementor-element elementor-element-efc7f97 elementor-widget elementor-widget-heading\" data-id=\"efc7f97\" data-element_type=\"widget\" data-e-type=\"widget\" data-widget_type=\"heading.default\">\n\t\t\t\t<div class=\"elementor-widget-container\">\n\t\t\t\t\t<h1 class=\"elementor-heading-title elementor-size-default\">Impressum<\/h1>\t\t\t\t<\/div>\n\t\t\t\t<\/div>\n\t\t\t\t<div class=\"elementor-element elementor-element-15eeca1 elementor-widget elementor-widget-text-editor\" data-id=\"15eeca1\" data-element_type=\"widget\" data-e-type=\"widget\" data-widget_type=\"text-editor.default\">\n\t\t\t\t<div class=\"elementor-widget-container\">\n\t\t\t\t\t\t\t\t\t<h5><strong>Neue K\u00fcnstlerkolonie Brannenburg e.V.<br \/><\/strong><strong>1. Vorstand:<\/strong>\u00a0Dr. Dr. Georg Werner<br \/>Schlo\u00dfstra\u00dfe 1<br \/>83098 Brannenburg<br \/>Email: info@n-k-b.de<\/h5><h5><strong>2. Vorstand:<\/strong> Christine Haberlander<br \/><strong>Kassier:<\/strong> Eva Ortmeier<br \/><strong>Schriftf\u00fchrung:<\/strong> Gabi Durst<\/h5><h5><strong>Registergericht:<\/strong> Amtsgericht Rosenheim<br \/><strong>Registernummer:<\/strong> VR 41000763<\/h5><h5>Inhaltlich Verantwortlicher gem\u00e4\u00df \u00a7 55 Abs. 2 RStV:<br \/>Georg Werner (Anschrift wie oben)<\/h5><h5><strong>Haftungshinweis:<\/strong><br \/>Trotz sorgf\u00e4ltiger inhaltlicher Kontrolle \u00fcbernehmen wir keine Haftung f\u00fcr die Inhalte externer Links. F\u00fcr den Inhalt der verlinkten Seiten sind ausschlie\u00dflich deren Betreiber verantwortlich.<\/h5><h5><strong>Bildnachweis:<\/strong><br \/>Die Bilder der KUNSTschmiede stammen von der K\u00fcnstlerin und Fotografin <a href=\"https:\/\/barbaradonaubauer.de\">Barbara Donaubauer<\/a><br \/>Die Fotografin zum Themenwanderweg &#8222;Wendelstein Streifz\u00fcge&#8220; wurden dankenswerterweise von der <a href=\"https:\/\/www.wendelsteinbahn.de\/kuenstlerweg-1\">Wendelsteinbahn<\/a> zur Verf\u00fcgung gestellt.\u00a0<br \/>Teamfoto vom Vorstand: Thadd\u00e4us M\u00fcller<br \/>Alle anderen Bilder auf der Seite stammen von unseren K\u00fcnstler und K\u00fcnstlerinnen.\u00a0<\/h5>\t\t\t\t\t\t\t\t<\/div>\n\t\t\t\t<\/div>\n\t\t\t\t\t<\/div>\n\t\t<\/div>\n\t\t\t\t\t<\/div>\n\t\t<\/section>\n\t\t\t\t<\/div>\n\t\t","protected":false},"excerpt":{"rendered":"<p>Impressum Neue K\u00fcnstlerkolonie Brannenburg e.V.1. Vorstand:\u00a0Dr. Dr. Georg WernerSchlo\u00dfstra\u00dfe 183098 BrannenburgEmail: info@n-k-b.de 2. Vorstand: Christine HaberlanderKassier: Eva OrtmeierSchriftf\u00fchrung: Gabi Durst Registergericht: Amtsgericht RosenheimRegisternummer: VR 41000763 Inhaltlich Verantwortlicher gem\u00e4\u00df \u00a7 55 Abs. 2 RStV:Georg Werner (Anschrift wie oben) Haftungshinweis:Trotz sorgf\u00e4ltiger inhaltlicher Kontrolle \u00fcbernehmen wir keine Haftung f\u00fcr die Inhalte externer Links. F\u00fcr den Inhalt der verlinkten [&hellip;]<\/p>\n","protected":false},"author":1,"featured_media":0,"parent":0,"menu_order":0,"comment_status":"closed","ping_status":"closed","template":"","meta":{"footnotes":""},"class_list":["post-9","page","type-page","status-publish","hentry"],"_links":{"self":[{"href":"https:\/\/www.n-k-b.de\/wordpress\/wp-json\/wp\/v2\/pages\/9","targetHints":{"allow":["GET"]}}],"collection":[{"href":"https:\/\/www.n-k-b.de\/wordpress\/wp-json\/wp\/v2\/pages"}],"about":[{"href":"https:\/\/www.n-k-b.de\/wordpress\/wp-json\/wp\/v2\/types\/page"}],"author":[{"embeddable":true,"href":"https:\/\/www.n-k-b.de\/wordpress\/wp-json\/wp\/v2\/users\/1"}],"replies":[{"embeddable":true,"href":"https:\/\/www.n-k-b.de\/wordpress\/wp-json\/wp\/v2\/comments?post=9"}],"version-history":[{"count":55,"href":"https:\/\/www.n-k-b.de\/wordpress\/wp-json\/wp\/v2\/pages\/9\/revisions"}],"predecessor-version":[{"id":3694,"href":"https:\/\/www.n-k-b.de\/wordpress\/wp-json\/wp\/v2\/pages\/9\/revisions\/3694"}],"wp:attachment":[{"href":"https:\/\/www.n-k-b.de\/wordpress\/wp-json\/wp\/v2\/media?parent=9"}],"curies":[{"name":"wp","href":"https:\/\/api.w.org\/{rel}","templated":true}]}}